6709.
4
What is the remainder when 10662131 is divided by 5331064?
3
What is the remainder when 191712 is divided by 8?
0
What is the remainder when 33200841 is divided by 2077?
2073
What is the remainder when 6984652 is divided by 64?
12
Calculate the remainder when 9405477 is divided by 16.
5
Calculate the remainder when 1078332 is divided by 83.
79
What is the remainder when 5185366 is divided by 1728421?
103
Calculate the remainder when 156541 is divided by 75469.
5603
What is the remainder when 32883305 is divided by 16441641?
23
What is the remainder when 110510945 is divided by 13899?
13895
Calculate the remainder when 478581509 is divided by 10.
9
What is the remainder when 4296369 is divided by 17?
10
What is the remainder when 93576 is divided by 622?
276
What is the remainder when 6181402 is divided by 68?
66
What is the remainder when 684654 is divided by 228134?
252
Calculate the remainder when 1723082 is divided by 64.
10
What is the remainder when 8606525 is divided by 8021?
8013
Calculate the remainder when 57364 is divided by 997.
535
What is the remainder when 109404 is divided by 27066?
1140
What is the remainder when 6577023 is divided by 34?
29
What is the remainder when 7070939 is divided by 17?
10
Calculate the remainder when 351640 is divided by 350990.
650
What is the remainder when 1591973 is divided by 15307?
45
What is the remainder when 470715 is divided by 5093?
2159
What is the remainder when 946826 is divided by 946805?
21
What is the remainder when 1909952 is divided by 382?
334
What is the remainder when 396596 is divided by 49544?
244
What is the remainder when 17147404 is divided by 73?
69
Calculate the remainder when 3093 is divided by 225.
168
What is the remainder when 80668795 is divided by 3200?
3195
Calculate the remainder when 2529697 is divided by 265.
7
Calculate the remainder when 844419 is divided by 70364.
51
Calculate the remainder when 253021 is divided by 253019.
2
What is the remainder when 26627 is divided by 8311?
1694
Calculate the remainder when 92116233 is divided by 12.
9
What is the remainder when 461955 is divided by 7238?
5961
Calculate the remainder when 1077181 is divided by 2048.
1981
What is the remainder when 4275464 is divided by 13?
11
Calculate the remainder when 26774895 is divided by 377111.
14
Calculate the remainder when 332731 is divided by 4384.
3931
Calculate the remainder when 5096979 is divided by 1715.
1714
Calculate the remainder when 318467 is divided by 15920.
67
Calculate the remainder when 84003 is divided by 3424.
1827
Calculate the remainder when 1704391 is divided by 12.
7
What is the remainder when 2573028 is divided by 8?
4
What is the remainder when 2401581 is divided by 610?
11
What is the remainder when 49118 is divided by 48957?
161
What is the remainder when 8852 is divided by 8700?
152
Calculate the remainder when 8629572 is divided by 11.
6
Calculate the remainder when 521832 is divided by 15813.
3
What is the remainder when 13036868 is divided by 10?
8
What is the remainder when 91491 is divided by 1393?
946
What is the remainder when 8302032 is divided by 358?
12
What is the remainder when 493761 is divided by 26641?
14223
What is the remainder when 891063 is divided by 3467?
44
Calculate the remainder when 11611712 is divided by 666.
2
Calculate the remainder when 801022 is divided by 20.
2
Calculate the remainder when 7695965 is divided by 8.
5
Calculate the remainder when 182732 is divided by 702.
212
Calculate the remainder when 1254882 is divided by 1506.
384
What is the remainder when 545544 is divided by 4560?
2904
Calculate the remainder when 1783695 is divided by 92.
91
What is the remainder when 107202 is divided by 53446?
310
Calculate the remainder when 31902 is divided by 5078.
1434
What is the remainder when 945221 is divided by 78765?
41
Calculate the remainder when 447158707 is divided by 9223.
9221
What is the remainder when 192629472 is divided by 225?
222
What is the remainder when 408834 is divided by 859?
809
Calculate the remainder when 21564702 is divided by 5391174.
6
Calculate the remainder when 200716 is divided by 2789.
2697
Calculate the remainder when 524435 is divided by 320.
275
What is the remainder when 20085 is divided by 18566?
1519
Calculate the remainder when 145613 is divided by 289.
246
Calculate the remainder when 156467 is divided by 51299.
2570
What is the remainder when 22457331 is divided by 1727486?
13
What is the remainder when 17770 is divided by 219?
31
Calculate the remainder when 169338 is divided by 7285.
1783
What is the remainder when 2220740 is divided by 57?
20
What is the remainder when 1149758 is divided by 7140?
218
Calculate the remainder when 26284 is divided by 4725.
2659
What is the remainder when 266501 is divided by 13323?
41
Calculate the remainder when 2230545 is divided by 318643.
44
What is the remainder when 81253 is divided by 1265?
293
Calculate the remainder when 1653178 is divided by 3715.
3
Calculate the remainder when 9299 is divided by 2731.
1106
What is the remainder when 21765255 is divided by 82?
77
Calculate the remainder when 287316665 is divided by 273.
272
Calculate the remainder when 17672 is divided by 101.
98
What is the remainder when 60426 is divided by 2698?
1070
What is the remainder when 25188 is divided by 8396?
0
What is the remainder when 10378437 is divided by 18?
15
Calculate the remainder when 43879 is divided by 521.
115
Calculate the remainder when 21712527 is divided by 10479.
39
Calculate the remainder when 14853401 is divided by 707300.
101
What is the remainder when 15345287 is divided by 74855?
12
Calculate the remainder when 180133 is divided by 49.
9
Calculate the remainder when 204401 is divided by 2080.
561
What is the remainder when 42462 is divided by 8481?
57
Calculate the remainder when 45314791 is divided by 201399.
16
What is the remainder when 7160 is divided by 14?
6
Calculate the remainder when 150717014 is divided by 2308.
2306
Calculate the remainder when 9745430 is divided by 558.
518
Calculate the remainder when 283730851 is divided by 211.
206
Calculate the remainder when 9157901 is divided by 719.
717
What is the remainder when 14092855 is divided by 766?
753
What is the remainder when 44573 is divided by 40812?
3761
Calculate the remainder when 2408108 is divided by 2408105.
3
Calculate the remainder when 1231646 is divided by 98.
80
Calculate the remainder when 4903409 is divided by 4879.
14
Calculate the remainder when 63058841 is divided by 15764708.
9
What is the remainder when 172360732 is divided by 182?
180
Calculate the remainder when 4624658 is divided by 343.
332
Calculate the remainder when 1372551094 is divided by 24.
22
Calculate the remainder when 92733367 is divided by 91.
90
Calculate the remainder when 554612 is divided by 5602.
14
What is the remainder when 426018 is divided by 4218?
0
What is the remainder when 777582 is divided by 259182?
36
Calculate the remainder when 339547 is divided by 48.
43
Calculate the remainder when 511570 is divided by 6643.
59
What is the remainder when 22445756 is divided by 2475?
2456
What is the remainder when 231156 is divided by 57771?
72
What is the remainder when 14962436 is divided by 268?
264
What is the remainder when 234195588 is divided by 29274447?
12
What is the remainder when 15663295 is divided by 152?
151
What is the remainder when 67224 is divided by 33537?
150
What is the remainder when 195586297 is divided by 50?
47
What is the remainder when 70200002 is divided by 447?
440
Calculate the remainder when 119570947 is divided by 3174.
19
What is the remainder when 97441 is divided by 1446?
559
What is the remainder when 238017148 is divided by 4005?
4003
What is the remainder when 6944027 is divided by 6696?
275
What is the remainder when 5775908 is divided by 54487?
286
What is the remainder when 2947358 is divided by 1767?
2
What is the remainder when 3125190 is divided by 781295?
10
Calculate the remainder when 9458877 is divided by 885.
882
Calculate the remainder when 103847505 is divided by 797.
796
Calculate the remainder when 15631918 is divided by 12.
10
Calculate the remainder when 76234 is divided by 136.
74
What is the remainder when 4058381 is